t common divisor of 16470 and 6210?
270
What is the highest common factor of 1225498 and 194?
194
Calculate the greatest common factor of 1580 and 25596.
316
Calculate the greatest common divisor of 75 and 862725.
75
Calculate the highest common divisor of 4550 and 5348.
14
What is the highest common divisor of 3384 and 720?
72
Calculate the highest common divisor of 504 and 5012.
28
Calculate the highest common divisor of 1470 and 37779.
147
Calculate the greatest common factor of 2566090 and 10.
10
Calculate the greatest common factor of 130 and 94290.
10
What is the highest common divisor of 830 and 2330?
10
Calculate the greatest common factor of 351 and 225693.
351
What is the greatest common factor of 442 and 1118?
26
What is the highest common factor of 11739 and 2967?
129
What is the highest common divisor of 30 and 20985?
15
What is the highest common factor of 399 and 160041?
21
Calculate the highest common divisor of 24 and 101520.
24
Calculate the greatest common factor of 1227474 and 6.
6
Calculate the greatest common divisor of 780 and 333528.
156
Calculate the highest common factor of 114075 and 132210.
585
Calculate the highest common divisor of 678 and 6554.
226
What is the greatest common factor of 54778 and 26962?
122
What is the greatest common divisor of 45 and 1109205?
45
Calculate the greatest common divisor of 3209 and 9.
1
What is the greatest common factor of 2 and 6746?
2
Calculate the highest common divisor of 279 and 168291.
9
What is the greatest common factor of 132 and 48114?
66
Calculate the greatest common divisor of 3745 and 57780.
535
Calculate the greatest common divisor of 7692 and 48.
12
Calculate the greatest common factor of 10928 and 109963.
683
What is the greatest common factor of 120631 and 209?
19
What is the greatest common divisor of 44 and 920678?
22
Calculate the highest common divisor of 86 and 883693.
43
Calculate the highest common factor of 5832 and 21465.
81
What is the highest common factor of 624134 and 4090?
818
Calculate the highest common factor of 105 and 238413.
21
Calculate the greatest common divisor of 292225 and 75.
25
Calculate the greatest common factor of 26 and 246818.
26
Calculate the greatest common factor of 8472728 and 44.
44
Calculate the highest common factor of 7482 and 87978.
258
Calculate the greatest common divisor of 113850 and 1782.
198
Calculate the greatest common factor of 21 and 7665.
21
What is the greatest common divisor of 135594 and 2015?
31
Calculate the highest common divisor of 98753 and 85408.
2669
Calculate the highest common factor of 9422 and 4102.
14
Calculate the highest common factor of 392853 and 204.
51
Calculate the greatest common divisor of 328 and 1541108.
164
Calculate the highest common factor of 81408 and 1344.
192
Calculate the highest common divisor of 5445 and 1936.
121
What is the greatest common factor of 243661 and 176?
11
What is the highest common divisor of 433 and 433000?
433
Calculate the greatest common divisor of 2370 and 210.
30
What is the highest common factor of 351 and 63297?
117
Calculate the highest common divisor of 8990 and 8700.
290
What is the highest common factor of 1250 and 5550?
50
What is the highest common factor of 666 and 7269390?
666
What is the highest common factor of 46854 and 5069?
137
What is the greatest common divisor of 222 and 46731?
111
Calculate the greatest common factor of 408 and 41784.
24
Calculate the greatest common factor of 214 and 236791.
107
What is the greatest common divisor of 497 and 1428?
7
What is the highest common factor of 20698 and 1027?
79
What is the highest common divisor of 2365 and 219395?
55
What is the highest common divisor of 1280 and 1105280?
640
What is the highest common factor of 88 and 47509?
11
What is the highest common divisor of 2590 and 52535?
35
What is the greatest common factor of 177600 and 4080?
240
Calculate the highest common factor of 1045 and 2876885.
1045
Calculate the greatest common factor of 3632 and 224.
16
Calculate the highest common factor of 10 and 1191070.
10
Calculate the highest common factor of 211 and 1517723.
211
What is the highest common divisor of 406 and 407456?
14
Calculate the highest common divisor of 30 and 358300.
10
Calculate the highest common factor of 9 and 21687.
3
What is the highest common factor of 6840 and 12255?
285
Calculate the highest common factor of 10871 and 378.
7
What is the highest common divisor of 2256 and 701052?
564
What is the greatest common factor of 1552 and 6014?
194
What is the greatest common divisor of 22 and 104929?
11
What is the greatest common divisor of 180 and 23475?
15
What is the highest common factor of 10840 and 1005?
5
What is the highest common divisor of 66 and 118778?
22
What is the highest common factor of 4800 and 123000?
600
What is the highest common divisor of 196467 and 4515?
129
What is the highest common factor of 134739 and 10888?
1361
What is the greatest common divisor of 497273 and 7?
7
Calculate the greatest common divisor of 2 and 548014.
2
What is the greatest common factor of 17350 and 13186?
694
What is the highest common factor of 1740174 and 522?
174
Calculate the highest common divisor of 23 and 2430502.
23
What is the highest common divisor of 2519690 and 10?
10
Calculate the highest common factor of 106315 and 330.
55
What is the highest common divisor of 75 and 67755?
15
Calculate the highest common divisor of 1105 and 5488535.
1105
What is the highest common divisor of 435 and 64235?
145
What is the highest common divisor of 334 and 6960059?
167
Calculate the greatest common divisor of 473646 and 6.
6
What is the highest common factor of 2356 and 2325?
31
Calculate the greatest common factor of 1506 and 426.
6
Calculate the highest common factor of 110976 and 9888.
96
Calculate the greatest common factor of 337218 and 372.
186
What is the highest common factor of 6520 and 290466?
326
What is the highest common divisor of 8876365 and 5?
5
Calculate the greatest common divisor of 304 and 79572.
76
Calculate the highest common divisor of 805 and 3395.
35
Calculate the highest common factor of 203056 and 280.
56
Calculate the greatest common factor of 1133791 and 407.
37
What is the highest common divisor of 14378 and 2291?
79
What is the highest common factor of 2534 and 28?
14
Calculate the greatest common divisor of 603967 and 182.
91
What is the greatest common factor of 9636 and 1247059?
803
What is the highest common divisor of 52620 and 200?
20
Calculate the greatest common divisor of 121140 and 20.
20
What is the highest common factor of 11506 and 176?
22
What is the greatest common factor of 93719 and 21?
1
Calculate the highest common divisor of 79935 and 30222.
219
What is the highest common divisor of 2375 and 95?
95
Calculate the greatest common factor of 60204 and 7612.
692
Calculate the greatest common factor of 7264337 and 107.
107
Calculate the highest common factor of 1620 and 38580.
60
Calculate the highest common divisor of 1528 and 509.
1
Calculate the highest common factor of 47327 and 1309.
7
Calculate the highest common factor of 920 and 4640.
40
Calculate the greatest common divisor of 868 and 147.
7
Calculate the greatest common divisor of 64 and 34436.
4
Calculate the highest common divisor of 699 and 19.
1
Calculate the highest common divisor of 1689405 and 2010.
1005
What is the highest common factor of 10146 and 1175868?
534
What is the greatest common factor of 19 and 633821?
19
What is the greatest common factor of 6643 and 13468?
91
Calculate the greatest common divisor of 634 and 12.
2
What is the highest common divisor of 60776 and 1498?
214
Calculate the greatest common factor of 3620399 and 1597.
1597
What is the highest common divisor of 450 and 15660?
90
What is the highest common divisor of 162755 and 43?
43
What is the highest common divisor of 616 and 20405?
77
Calculate the greatest common factor of 752 and 6108496.
752
Calculate the highest common factor of 10327 and 506.
23
What is the highest common divisor of 12 and 1274856?
12
What is the highest common divisor of 7938 and 102018?
294
What is the greatest common factor of 8235 and 3355?
305
Calculate the greatest common divisor of 1189 and 6119.
29
What is 